 base 12, what is -3 + -308a?
-3091
In base 14, what is -37c8 - -12?
-37b6
In base 14, what is 2cd0 + 2b?
2d1b
In base 8, what is 15 + 32310?
32325
In base 6, what is 3 - -153021?
153024
In base 4, what is -3110 - -121?
-2323
In base 8, what is -2 - 12401?
-12403
In base 11, what is -363687 + 5?
-363682
In base 13, what is -15 - 228b?
-22a3
In base 10, what is -8257 - 2?
-8259
In base 11, what is 8a85 - -4?
8a89
In base 9, what is 45356 + -4?
45352
In base 14, what is -3 + -258?
-25b
In base 8, what is 17542404 + 5?
17542411
In base 12, what is 4 - 12a017?
-12a013
In base 9, what is 3412 + -36?
3365
In base 6, what is 1150335 + 5?
1150344
In base 10, what is -1 + 167503?
167502
In base 16, what is ca + -c0?
a
In base 5, what is 10 - -34424002?
34424012
In base 10, what is -36 - -94?
58
In base 4, what is 12320301 + 1020?
12321321
In base 8, what is 21 + -3437?
-3416
In base 5, what is 30202 - -11034?
41241
In base 16, what is 82 - -180?
202
In base 6, what is 31 - 531332?
-531301
In base 16, what is 620 + 5f?
67f
In base 8, what is -106244 + 4?
-106240
In base 7, what is -6 - 115546?
-115555
In base 2, what is -111110110 + -100111000?
-1100101110
In base 16, what is 99 - 19e?
-105
In base 10, what is 405 + 227?
632
In base 13, what is 1 + 44174?
44175
In base 9, what is -132 - -5688?
5556
In base 2, what is 1110110110 - -10100010111?
100011001101
In base 6, what is 0 + 2324210?
2324210
In base 8, what is 2 + -756?
-754
In base 8, what is -104220 - 3?
-104223
In base 9, what is -4 - -1235383?
1235378
In base 14, what is -1d20 + -5d?
-1d7d
In base 9, what is -52 + 5018?
4856
In base 16, what is 4158 - 3?
4155
In base 8, what is -4611 + 634?
-3755
In base 9, what is 41841 + 12?
41853
In base 14, what is -2 + 57d7?
57d5
In base 13, what is 1 + 29a3ba?
29a3bb
In base 3, what is 1101 + -10002200201?
-10002122100
In base 5, what is 403120 - 11?
403104
In base 16, what is c5e - 3?
c5b
In base 13, what is -49 + -428?
-474
In base 3, what is 1020201211 + 22?
1020202010
In base 4, what is -2322001 + 3?
-2321332
In base 10, what is 276353 - 0?
276353
In base 8, what is -56 + 236?
160
In base 11, what is 1138 + 43a?
1577
In base 16, what is 3 + -a562?
-a55f
In base 5, what is -3 + 424023322?
424023314
In base 3, what is -10210100012 + 101?
-10210022211
In base 3, what is -22021021121 - 120?
-22021022011
In base 9, what is 33361 - -5?
33366
In base 14, what is -33 - 1ad67?
-1ad9a
In base 9, what is 25 - -6601?
6626
In base 5, what is -40132 + 202?
-34430
In base 9, what is 43256 + -16?
43240
In base 8, what is 2774 + -52?
2722
In base 5, what is 10404424 + 1?
10404430
In base 3, what is 22121 - -1110022?
1202220
In base 5, what is 113431022 - 1?
113431021
In base 16, what is 7f + 144c?
14cb
In base 13, what is -2 + 11524?
11522
In base 14, what is -15 - -9a29?
9a14
In base 6, what is 221315 + -214?
221101
In base 4, what is 211323 - -22321?
300310
In base 8, what is 6050 - -24?
6074
In base 13, what is 4 + 19b92?
19b96
In base 2, what is -1110101100101100000001 + -1?
-1110101100101100000010
In base 12, what is 14a95 - -5?
14a9a
In base 15, what is b - -83e?
84a
In base 10, what is -58033 + -2?
-58035
In base 14, what is 163 - ab3?
-950
In base 11, what is 6aa41 + -3?
6aa39
In base 5, what is -23420020 - -13?
-23420002
In base 6, what is -203353 - 40?
-203433
In base 7, what is 16 + -422402?
-422353
In base 10, what is -151615 - -5?
-151610
In base 8, what is 4 - -6713232?
6713236
In base 13, what is 70 + -87?
-17
In base 12, what is 5 + 363b0?
363b5
In base 9, what is -662252 + -3?
-662255
In base 12, what is 15 - -5662?
5677
In base 10, what is -167 - -1464?
1297
In base 16, what is 1a82f - 5?
1a82a
In base 12, what is -1 - -3599?
3598
In base 10, what is -4 - -288580?
288576
In base 5, what is -14 + 301132?
301113
In base 7, what is -1 + 16240?
16236
In base 10, what is 283 + -158?
125
In base 13, what is 43 + 893?
906
In base 8, what is 0 - -41217?
41217
In base 2, what is 1000011 - -1101101110?
1110110001
In base 15, what is -1 - -ea9?
ea8
In base 11, what is -a81 + -152?
-1123
In base 14, what is 1 + 30c81?
30c82
In base 3, what is -21012122 + -11121?
-21101020
In base 9, what is -13515 + -2?
-13517
In base 13, what is -12 + 2ba90?
2ba7b
In base 9, what is 64 - 30065?
-30001
In base 15, what is -6b + -ca?
-146
In base 12, what is 1880 - -4?
1884
In base 8, what is 2150 + -65?
2063
In base 3, what is 11110021012 - -2?
11110021021
In base 13, what is -392 - 0?
-392
In base 10, what is 3582 - 98?
3484
In base 6, what is -524534 - 0?
-524534
In base 5, what is 1 - 44042?
-44041
In base 7, what is -4 + -1443611?
-1443615
In base 14, what is 3d386 - 0?
3d386
In base 8, what is 500613 + -3?
500610
In base 14, what is c7a - -4c4?
1360
In base 8, what is 10 + -46163?
-46153
In base 10, what is -3 + 37750?
37747
In base 2, what is 100110101011 - 101001010?
100001100001
In base 6, what is 43414 - -54?
43512
In base 5, what is 413442 + -11?
413431
In base 6, what is -10141210 - -1?
-10141205
In base 12, what is a98 + 0?
a98
In base 11, what is -922 - 135?
-a57
In base 8, what is -6 - -22023?
22015
In base 3, what is 12112201 - -21110?
12211011
In base 12, what is 5857 + 25?
5880
In base 6, what is 222 - 10122?
-5500
In base 11, what is -150 + 2347?
21a7
In base 9, what is 4 + -446008?
-446004
In base 10, what is -18 + -126580?
-126598
In base 12, what is 122b + -2b8?
b33
In base 13, what is 15a5 - 2?
15a3
In base 11, what is -2 - -581020?
581019
In base 14, what is -400bc - -3?
-400b9
In base 7, what is -151432 - 145?
-151610
In base 8, what is -7370 + -3?
-7373
In base 12, what is -2 + 17500?
174ba
In base 8, what is 4560 - -14?
4574
In base 16, what is 2c30 - -12?
2c42
In base 9, what is -176204 - -2?
-176202
In base 14, what is -2 + 1ada?
1ad8
In base 3, what is 121020102 - 11?
121020021
In base 16, what is 1c6 - 6?
1c0
In base 3, what is -11012020120 + 120?
-11012020000
In base 8, what is 477271 + -4?
477265
In base 10, what is 2721383 - 0?
2721383
In base 13, what is 16 + 3652?
3668
In base 12, what is -4 - 5566?
-556a
In base 16, what is a18 + b?
a23
In base 11, what is 3647 + 97?
3733
In base 5, what is -124132 - 0?
-124132
In base 12, what is 2bb21 + -4?
2bb19
In base 3, what is -11 + -1111212211100?
-1111212211111
In base 8, what is -1 - 2412663?
-2412664
In base 4, what is -10 - 13130300?
-13130310
In base 5, what is 220343340 - -1?
220343341
In base 14, what is 50dd3 + 3?
50dd6
In base 5, what is 332424344 - 3?
332424341
In base 5, what is -33 - -32112?
32024
In base 14, what is -903 - 33?
-936
In base 7, what is 4 + -105501?
-105464
In base 8, what is -220 + -4?
-224
In base 4, what is -23100 - 13312?
-103012
In base 16, what is -9 - fb16?
-fb1f
In base 13, what is 6 + -b344?
-b33b
In base 16, what is -df8d - -36?
-df57
In base 4, what is 3 + -11202131?
-11202122
In base 16, what is 26 + -4a8?
-482
In base 11, what is 416a7 - 23?
41684
In base 4, what is -11 - 1003231?
-1003302
In base 12, what is 2931 - -a?
293b
In base 9, what is 23644 + 100?
23744
In base 4, what is -3200133 - 30?
-3200223
In base 14, what is -a + -bc1?
-bcb
In base 6, what is 35434 + -131?
35303
In base 5, what is 20 - -204343?
204413
In base 10, what is -7875 + -38?
-7913
In base 3, what is 11000001 - -11220?
11011221
In base 5, what is 222132 + 232?
222414
In base 16, what is d228e - -3?
d2291
In base 8, what is 1 + -2221504?
-2221503
In base 9, what is -115 + -8657?
-8773
In base 15, what is 2 - 3b23d?
-3b23b
In base 10, what is -128 - 28?
-156
In base 15, what is -14be + 25?
-1499
In base 11, what is -10058 - -5?
-10053
In base 13, what is -2921c + 3?
-29219
In base 3, what is 10001010 + 1?
10001011
In base 8, what is -217 - 2557?
-2776
In base 7, what is -66 - -3254?
3155
In base 12, what is 10864 + -4?
10860
In base 4, what is 23 + 21332?
22021
In base 4, what is -1 + 2132021?
2132020
In base 14, what is -27 - -12ccd?
12ca6
In base 9, what is -8153 + -31?
-8184
In base 15, what is 2 - -1ae9?
1aeb
In base 8, what is 1010240 + 13?
1010253
In base 8, what is 7 + 23163?
23172
In base 14, what is 36 + bbb?
c13
In base 13, what is 236 + 1386?
15bc
In base 3, what is 11212012 - 111?
11211201
In base 7, what is -250635 + -315?
-251253
In base 14, what is -bc + -205?
-2c3
In base